/1 + 1112*(5 + -4) a composite number?
False
Let s = -30883 + 61520. Is s a prime number?
True
Let k = 6206 + -6167. Let p(q) = -9*q**3 + 9*q**2 + 4*q + 1. Let t be p(-6). Suppose k*d - 44*d = -t. Is d a prime number?
True
Suppose 90*g - 301*g = -35950813. Is g a prime number?
True
Let j(c) = -13*c**3 - 10*c**2 + c - 6. Suppose -13*n - 5 = -12*n. Let k be j(n). Is k/(-6)*(-3)/2 prime?
False
Suppose 4*n + 5*d = 3, -5*d = -2*n + 3 - 24. Let s(f) = -5 + 5 - 1 - 54*f. Is s(n) a composite number?
True
Let p = -11854 + 24305. Is p prime?
True
Let z(f) = 2*f - 10. Let u be z(7). Let r be 11/(5 + (-1776)/356). Suppose 5*x - 989 = -4*m + 2*x, -u*m = 5*x - r. Is m a composite number?
False
Is (-1 - 121623/(-9))*30/20 a composite number?
False
Suppose s = 0, -12*s - 6*s + 2*s = -4*n + 934036. Is n prime?
True
Let r = 46 - 43. Suppose h + t - 6*t = 1256, r*t + 1258 = h. Is h composite?
True
Let t(y) = -58*y**3 - 13*y**2 + 46*y - 252. Is t(-23) a prime number?
False
Let a(x) = -2*x - 15. Let d be a(-10). Suppose -d*z - 3*z - 2360 = 0. Let l = z - -456. Is l a composite number?
True
Let r(l) be the first derivative of -107*l**2/2 + 49*l - 20. Is r(-2) a prime number?
True
Let u = 33 + -31. Is u + 5/((-25)/15) - -4886 prime?
False
Suppose -47*l + n - 14369 = -50*l, -14357 = -3*l - 4*n. Is l prime?
False
Suppose -50*a + 20 = -46*a. Suppose -5*b + 4 = -b, 2*x + a*b = 11. Suppose -4*n = -4*q + 32549 - 9065, q = x*n + 5867. Is q a composite number?
True
Suppose 0 = -11*n + 98040 + 1348339. Suppose 31*r - n = 25898. Is r a composite number?
False
Suppose 787*g + 34524684 = 895*g. Is g prime?
True
Let d = 67 + -67. Suppose -4*v + w - 21783 = d, -v - 2*w + 27231 = -6*v. Let a = -2506 - v. Is a a composite number?
False
Let x(m) be the first derivative of m**4/4 + 7*m**3/3 + 9*m**2/2 - 4*m - 22. Let g be x(-5). Is g*189 + -1 - 3 a prime number?
False
Is (-68)/34*(1 + (-17834)/4) a prime number?
False
Let z(s) = -517*s + 207 - 499*s + 361*s. Is z(-16) a prime number?
True
Let o = 3800 + 26439. Suppose u = -2, 5*p - o = -0*p + 2*u. Is p a prime number?
True
Let c(o) = 1040*o + 47. Let r be c(2). Let b = r + -646. Is b composite?
False
Let n(s) = s**2 + 19*s - 51. Let l be n(-21). Is (3/(-2))/(924600/102736 + l) a composite number?
False
Let i be (11/2)/(21/(-6) - -4). Suppose -4*q + 5*v + 18152 = 0, 4*q + 5*v - 18112 = -0*v. Suppose -i*f + q = -8*f. Is f prime?
True
Let k(q) = 36*q**3 - 31 - 7 - 32 + 8*q + 87. Is k(7) composite?
False
Suppose -307*z = -367*z + 5970660. Is z composite?
True
Is (21 - (-3183222)/105) + (2/(-5))/1 prime?
False
Let w = 5649 + -3937. Suppose 0 = -0*m + 4*m + q - 1374, -w = -5*m - 4*q. Let h = m - 183. Is h a composite number?
True
Let w(u) = -u**3 - 2*u**2 + u + 6. Let t be w(3). Let x(m) = -419*m - 101. Is x(t) a composite number?
False
Let d(y) = -y**2 - 31*y + 107. Let v be d(-34). Suppose -25 = -v*g, -3*p + 68656 = -4*g - 15. Is p a composite number?
True
Suppose 0 = 5*n + 5*j - 60, -2 = -4*j - 22. Suppose -a + 10 = -3*p, 5*p + n = 2*a - 0*p. Suppose r - 6 = a. Is r a composite number?
False
Let u = 4415 + -8738. Let l = -2380 - u. Is l prime?
False
Let a(p) = 93*p**3 - 3*p**2 + 8*p - 5. Let w(j) = j - 2. Let q be w(5). Is a(q) composite?
False
Let k(o) = -4*o**2 - 6*o + 7. Let z(n) = -n**2 - n + 1. Let h(s) = -k(s) - 4*z(s). Let l be (100/(-6))/5*(-51)/34. Is h(l) prime?
True
Suppose 12*w - 38 = -7*w. Let a(z) = 339*z**3 - 2*z**2 + 6*z + 1. Let r(j) = -169*j**3 + j**2 - 3*j - 1. Let o(n) = 6*a(n) + 11*r(n). Is o(w) prime?
False
Let x = -7121 + 13940. Let i = x - 2242. Is i a prime number?
False
Suppose 7*g + 4*k - 237783 = 2*g, 0 = -4*g - 4*k + 190220. Is g a prime number?
True
Suppose 4*l + 8 = 5*n, -4*n = 4*l - 9*l - 1. Suppose 3*p = -i + 419, l*p = -0*i - 4*i + 1640. Is i a prime number?
False
Let h(o) be the first derivative of -315*o**2/2 + 43*o + 252. Is h(-8) a prime number?
False
Let h be 732/44 + (-152)/(-418). Let c(u) = -83*u - 22. Let b(d) = -1078*d - 287. Let j(y) = -6*b(y) + 77*c(y). Is j(h) prime?
False
Is -1643337*(-28 - -30)*(-2 + 5)/(-27) a composite number?
True
Let w(o) = 10658*o**2 - 2317*o + 2. Is w(9) prime?
True
Let h be 36696/(-9)*(-3)/2. Let d = -2817 + h. Is d a composite number?
False
Suppose 57*s = 66*s - 36. Suppose -s*g + 40992 = -25*p + 21*p, 0 = -2*g + 3*p + 20501. Is g a composite number?
False
Suppose -3*c + 8*c - 311573 = -4*k, 3*k - 5*c = 233706. Is k composite?
True
Suppose b = -4*s + 59840, 8*b + 12 = 5*b. Is s a composite number?
True
Suppose -5*p - w + 260 = 0, -p - 12 + 38 = -5*w. Suppose p*i - 41*i = 59870. Is i composite?
False
Let r = 64 + -111. Let g = r - -44. Is (5 + g + 0)*3074/4 a prime number?
False
Let m = -748 + 1513. Suppose 762*o = m*o - 225033. Is o a composite number?
False
Let o(d) = 38*d**3 - 78*d**2 + 5*d + 5. Is o(18) a composite number?
False
Let j = 7100 - 12302. Is 1*(0 - 1)*(j + 19) prime?
False
Let q be 840/4 - (-5 - -7). Let g = 493 + q. Is g a composite number?
False
Suppose -3*f + n + 0*n + 14 = 0, -5*n + 10 = 5*f. Let r(a) = -14*a + 20*a + f + 43*a - 14. Is r(9) composite?
False
Suppose -2 = p, 3*s - 4*p - p - 94363 = 0. Is s prime?
False
Suppose 0 = -2*i - 2*q + 5407098, -5477413 = -3*i + 4*q + 2633248. Is i a composite number?
False
Let d = -726873 + 1480804. Is d a composite number?
False
Let b = 36 + -38. Let s be 7/((-42)/18) + 738/b. Is (1 + s/(-2))*(-20 + 21) a prime number?
False
Is (59866/(-222))/((-1)/3387) prime?
False
Is (12492 - (8 - -1)) + 14 a composite number?
False
Let l be 40/(-15)*36/16. Let z be 2/(2/l*-3). Suppose -5*j + 2*d = -z*j - 3113, 5*j - 5189 = 3*d. Is j composite?
False
Suppose -18*q - 3*o - 13 = -16*q, -3*q + 18 = -3*o. Is 12890 + q - (-10)/5 a prime number?
True
Suppose -7*u - 1710 = -12*u. Let m = u - -5. Suppose 0*s = -s + m. Is s prime?
True
Let d = -275757 - -416230. Is d prime?
True
Suppose -12*o + 4*l = -16*o - 12, 2*o - 3*l = 9. Let v(a) = a**3 + 3*a**2 - a + 1839. Is v(o) composite?
True
Suppose 0*s - 301 = -s. Let u be -1 + s/2*18. Suppose -f - 3*f + u = 0. Is f prime?
True
Suppose 0 = 3*a - 2*h - 0*h - 46, 3*a = 4*h + 44. Suppose -a*f + 10 = -14*f. Suppose -4*s + 1465 = u, f*u - s = 2*u + 4434. Is u prime?
False
Let d(o) = -7*o + 14*o + 110 - 40 - 4*o. Is d(-13) composite?
False
Suppose -111*i = -100*i - 1018523. Is i a composite number?
False
Is (-14 - (98/(-4) + 12))*(-3557236)/6 a prime number?
True
Let k(n) = n**2 - 40*n + 79. Let p be k(38). Let s(x) = 109*x**3 - x**2 + x - 4. Is s(p) composite?
True
Let l(f) = f**2 + 13*f - 86. Let s be l(5). Suppose -s*v + 20089 = -8395. Is v composite?
False
Suppose 325*s - 3174 = 327*s. Let m = -1046 - s. Is m composite?
False
Let x = 59713 + -34980. Is x composite?
False
Let d be (-3)/(1 - 4/10) + 3. Is (-1973)/d*28/14 a prime number?
True
Let x = 21 - 15. Suppose 2700 + 16758 = x*t. Let s = -2246 + t. Is s composite?
False
Is (8/4 - 1502739/(-126))*(0 - -2) a composite number?
False
Suppose -14 = -7*d - 0*d. Let b(x) = 16*x + 48*x**2 - 9 + 0 - 26*x**d + 52. Is b(-6) a composite number?
False
Let g(p) = -2*p**3 - p**2 + 2. Let b be g(0). Is b/(-1) - 3/((-15)/34715) prime?
False
Let w(j) = 300*j**2 + 20*j - 291. Is w(10) a composite number?
True
Let n be -1 + 21/(-2)*(-8652)/42. Let i = 16592 + n. Is i a prime number?
False
Suppose 3691 = -3*h - 2*o, 3*h - 3*o = -4*o - 3692. Let m = -360 - h. Is m prime?
False
Is (2/(-4))/(306/(-95232708)) composite?
False
Suppose -1047*d = -1040*d - 42. Suppose 0 = d*x - 50674 + 1798. Is x prime?
False
Let d = 21 + -16. Let y(u) = u**2 - u - 2. Let p(t) = 22*t**2 - 7*t - 13. Let j(a) = p(a) - 6*y(a). Is j(d) a composite number?
True
Let r = -13 - -19. Suppose 5*n - 20680 = -r*n. Suppose n = -11*j + 10911. Is j prime?
True
Suppose 9 = 8*k + k. Let f be ((-2)/(-2))/k + 9153. Suppose -7270 = -8*r + f. Is r prime?
True
Let m be (-4)/38 + 84/76. Suppose -2 = a - 4. Suppose 4*o + 5311 = 3*f, a*o + m = -7. Is f composite?
True
Let k(d) = -d - 704. Suppose 5*a + 2*u + 2 = 0, -2*a + 3 = -2*u - u. Let c be k(a). Let y = c - -2103. Is y a prime number?
True
Let p(j) = 51*j + 106. Let o(g) = -25*g - 53. Let w(i) = 13*o(i) + 6*p(i). Suppose -3*k - 30 = 3*f, 0 = 4*f + 44*k - 39*k + 36. Is w(f) a prime number?
False
Let d be 567528/26 + (-5 - (-1 - -1)). Let 